 -u**2 + 2*u + 78. Calculate z(11).
-21
Let j(f) = f**3 + 19*f**2 + 26*f + 31. Calculate j(-18).
-113
Let z(m) = 19*m + 217. Calculate z(-19).
-144
Let i(b) = -5*b + 132. Give i(18).
42
Let i(z) = 31*z + 224. Determine i(-7).
7
Let y(m) = m**3 - 13*m**2 + 32*m - 33. Determine y(10).
-13
Let d(x) = 355*x + 2513. Determine d(-7).
28
Let m(z) = -8*z**3 + 131*z**2 + 86*z + 13. What is m(17)?
30
Let s(x) = 23*x**3 - x**2 - x. Determine s(-1).
-23
Let m(l) = 2*l**2 - 371*l - 18033. Determine m(-40).
7
Let q(x) = 409*x - 4365. Determine q(11).
134
Let g(u) = -u**3 - 4*u**2 - 54*u - 350. Determine g(-6).
46
Let h(j) = -39*j + 584. Calculate h(15).
-1
Let w(g) = 159*g - 492. Give w(3).
-15
Let h(z) = 92*z - 4140. What is h(45)?
0
Let l(m) = -26*m + 28. Determine l(-1).
54
Let n(k) = k**3 + 18*k**2 + 6*k + 13. Give n(-8).
605
Let j(l) = -l**3 + 33*l**2 - 103*l - 217. Calculate j(29).
160
Let f(c) = -c**3 + 128*c**2 + 1389*c + 95. Calculate f(-10).
5
Let z(u) = 3*u**2 + 7*u - 19. What is z(6)?
131
Let t(v) = 2*v**3 - 5*v**2 - 9*v + 15. Calculate t(3).
-3
Let z(t) = -5*t**2 + 41*t - 85. Calculate z(9).
-121
Let u(w) = 15*w**2 - 335*w + 1460. Give u(6).
-10
Let w(m) = -121*m + 1273. Give w(11).
-58
Let o(k) = -k**3 - 15*k**2 - 62*k - 2. What is o(-5)?
58
Let w(y) = 1855*y - 16696. What is w(9)?
-1
Let c(o) = -o**3 - 10*o**2 + 58*o - 11. Give c(0).
-11
Let s(j) = 15*j**2 + 119*j + 2. What is s(-5)?
-218
Let r(o) = o**3 - 50*o**2 + 367*o - 34. Give r(41).
-116
Let o(t) = 53*t + 560. Give o(-10).
30
Let n(o) = -o**3 + 60*o**2 + 197*o - 508. Give n(63).
-4
Let a(w) = -4*w**2 - 12*w - 87. Give a(-4).
-103
Let d(p) = p**2 + 126*p + 956. Give d(-118).
12
Let n(o) = 2*o**3 + 22*o**2 + 5*o + 19. What is n(-8)?
363
Let x(f) = -f**2 - 61*f + 334. Give x(5).
4
Let y(r) = r**2 - 57*r - 179. Calculate y(-3).
1
Let b(i) = -67*i + 609. Calculate b(10).
-61
Let v(z) = -40*z + 1318. Give v(33).
-2
Let l(j) = 106*j + 6191. Calculate l(-59).
-63
Let x(d) = d**3 + 158*d**2 - 15*d - 2370. Determine x(-158).
0
Let k(a) = -3*a**3 + 36*a**2 - a - 48. Give k(12).
-60
Let r(x) = 15*x**2 - 691*x + 40. Determine r(46).
-6
Let p(q) = -7*q**3 - 207*q**2 - 117*q - 51. Determine p(-29).
-22
Let j(n) = 444*n - 27084. What is j(61)?
0
Let s(h) = -9*h - 50. Give s(9).
-131
Let u(n) = -44*n - 180. Give u(-5).
40
Let y(b) = b**3 + 70*b**2 + 344*b + 101. Determine y(-5).
6
Let v(l) = -l**2 - 79*l - 1477. Determine v(-31).
11
Let g(a) = -2*a**2 - 49*a. Calculate g(-27).
-135
Let c(y) = y**2 - 19*y + 220. Give c(11).
132
Let u(j) = -j**3 + 3*j**2 + 509*j - 1522. Calculate u(3).
5
Let v(m) = m**3 - 12*m**2 - 143. Give v(0).
-143
Let p(a) = 2*a**3 + 3*a**2 - 14*a + 8. Calculate p(0).
8
Let g(w) = 53*w - 149. Give g(4).
63
Let t(b) = -123*b + 1715. Determine t(14).
-7
Let y(h) = 148*h + 1064. What is y(-7)?
28
Let k(b) = -b**3 + 30*b**2 + 44*b - 401. Calculate k(31).
2
Let b(o) = 36*o - 138. Calculate b(4).
6
Let i(h) = -h**3 + 17*h**2 - 5*h - 30. Calculate i(6).
336
Let g(i) = -136*i - 36997. Determine g(-272).
-5
Let a(w) = 198*w**3 + 2*w**2 + 29*w + 28. Determine a(-1).
-197
Let q(a) = -8*a + 19. Give q(7).
-37
Let u(q) = -q**2 + 10*q + 1429. Determine u(-33).
10
Let v(t) = -t**2 + 32*t - 129. Calculate v(31).
-98
Let j(k) = k**3 + 7*k**2 - 75*k - 243. What is j(8)?
117
Let i(t) = t**2 - 87*t + 1585. What is i(25)?
35
Let l(u) = 22*u + 448. Calculate l(-19).
30
Let i(y) = -2383*y - 14298. Determine i(-6).
0
Let g(h) = -3*h**2 + 352*h + 955. Give g(120).
-5
Let t(d) = d**2 + 33*d + 249. What is t(-12)?
-3
Let a(m) = -m**3 + 22*m**2 + 8*m - 601. Calculate a(21).
8
Let t(i) = -i**3 - 20*i**2 + 14*i - 71. Determine t(-20).
-351
Let p(r) = 352*r - 4563. Determine p(13).
13
Let p(i) = -44*i**3 + 966*i**2 + 45*i - 38. What is p(22)?
-16
Let p(q) = 47*q - 90. What is p(-2)?
-184
Let t(m) = -73*m - 9868. Calculate t(-135).
-13
Let o(x) = x**2 + 527*x + 6172. What is o(-12)?
-8
Let u(n) = 304*n - 6065. What is u(19)?
-289
Let s(j) = -1035*j + 8325. Give s(8).
45
Let n(p) = -15*p**2 + 126*p + 14. Determine n(9).
-67
Let i(x) = -x**2 - 71*x - 444. Determine i(-7).
4
Let b(h) = h**2 - 16*h - 174. Give b(-7).
-13
Let i(k) = -k**3 + 7*k**2 + 17*k + 33. Determine i(9).
24
Let k(m) = -m**3 + 15*m**2 + 19*m + 7. Give k(17).
-248
Let f(d) = 49*d - 1223. Determine f(25).
2
Let t(u) = 2*u**2 + 106*u + 310. Determine t(-50).
10
Let l(c) = -88*c + 117. Determine l(-4).
469
Let d(u) = 536*u - 1592. Calculate d(3).
16
Let r(p) = 58*p - 4634. What is r(80)?
6
Let n(w) = -72*w - 11669. Calculate n(-162).
-5
Let g(m) = -m**3 - 6*m**2 - 35*m - 207. Calculate g(-6).
3
Let k(f) = 49*f**3 + 3*f**2 - 96*f - 98. Calculate k(-1).
-48
Let w(v) = v**3 + 59*v**2 + 5*v + 216. Give w(-59).
-79
Let x(w) = w**3 + 81*w**2 - 89*w - 568. Give x(-82).
6
Let v(l) = -251*l**3 + 9*l**2 - 11*l + 1. Calculate v(1).
-252
Let v(d) = -2*d**3 - 20*d**2 - 23*d - 48. Calculate v(-9).
-3
Let f(k) = k**3 + 11*k**2 + 4*k + 4. What is f(-9)?
130
Let p(u) = 43*u + 94. Calculate p(-3).
-35
Let q(z) = 1185*z - 1141. Calculate q(1).
44
Let b(u) = -263*u - 19726. Calculate b(-75).
-1
Let h(i) = -i**2 - 7*i + 301. Determine h(-19).
73
Let g(a) = a**2 + 37*a + 291. Calculate g(-24).
-21
Let x(v) = -10*v**2 - v + 9. Determine x(2).
-33
Let r(k) = k**2 + 398*k - 29561. Calculate r(64).
7
Let m(g) = g**2 - 73*g + 180. What is m(0)?
180
Let w(r) = 92*r - 1188. Calculate w(13).
8
Let w(m) = 2*m**2 + 1349*m - 8162. Determine w(6).
4
Let f(d) = 94*d + 1254. Give f(-8).
502
Let s(b) = -31*b + 321. Give s(10).
11
Let h(k) = -3*k**2 + 92*k - 342. What is h(6)?
102
Let w(c) = 2*c**2 + 19*c - 1. What is w(-5)?
-46
Let q(n) = 3681*n + 33134. Give q(-9).
5
Let b(j) = -j**2 - 69*j + 2773. Give b(28).
57
Let t(i) = 49*i**2 - 434*i - 68. Determine t(9).
-5
Let t(i) = 8*i**3 - 55*i**2 + 47*i - 7. What is t(6)?
23
Let d(x) = 23*x + 299. Give d(-15).
-46
Let k(z) = 253*z - 21269. Give k(84).
-17
Let q(t) = -7*t**2 + 42*t - 53. Determine q(8).
-165
Let z(l) = 471*l + 858. Calculate z(-2).
-84
Let l(w) = w**2 - 169*w - 337. What is l(-2)?
5
Let t(h) = 529*h + 35441. What is t(-67)?
-2
Let t(l) = 324*l**2 + 11*l + 10. Determine t(-1).
323
Let i(s) = -217*s + 6780. Calculate i(31).
53
Let y(l) = l**3 - l**2 - l - 1. Give y(-2).
-11
Let q(g) = g**3 + 88*g**2 - 683*g + 4. Give q(7).
-122
Let b(o) = -o**3 + 60*o**2 - 2*o + 117. Calculate b(60).
-3
Let c(n) = 82*n + 4614. Calculate c(-55).
104
Let f(i) = 293*i**3 + 10*i + 11. What is f(-1)?
-292
Let u(s) = -s**3 + 8*s**2 - 9*s + 61. Determine u(6).
79
Let d(w) = 224*w + 2921. What is d(-13)?
9
Let q(r) = 11*r**2 + 10*r + 18. Determine q(-8).
642
Let d(r) = -r**2 + 75*r - 1409. Give d(46).
-75
Let w(j) = -28*j - 1518. What is w(-55)?
22
Let w(c) = -c**3 + 9*c**2 - 12*c + 16. What is w(8)?
-16
Let k(m) = -m**3 - 28*m**2 - 34*m - 183. Give k(-27).
6
Let f(r) = 40*r - 606. Give f(13).
-86
Let y(w) = 34*w - 1945. Calculate y(54).
-109
Let k(d) = -19*d - 486. Give k(-27).
27
Let z(r) = -r**2 - 76*r + 871. Give z(-86).
11
Let g(n) = -6*n - 188. Give g(-25).
-38
Let v(t) = 9*t**2 + 348*t - 38. Give v(-40).
442
Let i(r) = r**2 + 80*r + 1367. What is i(-55)?
-8
Let t(b) = -b**3 - 101*b**2 + 1479*b - 333. Give t(-114).
9
Let c(i) = i**3 - 17*i**2 - 9*i + 198. What is c(17)?
45
Let a(l) = 23*l**2 + 79*l + 1. What is a(-3)?
-29
Let v(d) = d**3 + 13*d**2 - 67. Calculate v(-12).
77
Let d(t) = t**2 + 12*t - 99. Give d(-17).
-14
Let y(q) = 3*q**2 - 84*q - 143. Give y(30).
37
Let u(y) = -y**2 - 1256*y + 7584. Give u(6).
12
Let u(k) = -3*k**2 - 16*k - 10. Give u(-1).
3
Let u(l) = 6*l + 248. What is u(-36)?
32
Let r(n) = 58*n + 1319. Calculate r(-23).
-15
Let a(u) = u**2 - 39*u + 127. Determine a(3).
19
Let t(d) = -4*d**2 - 473*d - 2380. What is t(-113)?
-7
Let t(d) = -29*d**2 - 2640*d + 2580. Give t(-92).
4
Let d(s) = 53*s + 2649. Give d(-50).
-1
Let u(o) = o**3 - 25*o**2 + 13*o - 60. Give u(25).
265
Let g(v) = v**2 - 53*v + 298. What is g(44)?
-98
Let i(g) = 2*g + 219. Determine i(-42).
135
Let c(z) = -4*z**2 - 5*z + 159. Determine c(8).
-137
Let o(m) = -2*m**3 - 90*m**2 + 296*m + 386. What is o(-48)?
2
Let w(z) = -z**2 - 72*z - 457. Determine w(-7).
-2
Let v(z) = z**3 - 16*z**2 + 12*z + 48. What is v(15)?
3
Let q(p) = -616*p + 3736. What is q(6)?
40
Le